hat is the hundreds digit of n?
1
Let w = 23 - 38. Let t be -3 - -2 - 0 - -11. What is the units digit of ((-6)/t)/(3/w)?
3
Let m(a) = a**3 + 9*a**2 - 10*a + 5. Let x be m(-10). Suppose -x*h = -20, -3 = -5*q + 2*h + h. What is the units digit of q?
3
Let w = -2 + -7. Let d = w + 18. What is the units digit of d?
9
Let k be 5/(15/(-6)) + -1. Suppose -5*b = 3*z - b - 36, 4*z - 4*b = 76. Let v = z + k. What is the tens digit of v?
1
Let i = -13 - -4. Let c = 18 + i. Suppose -2*u = 3*f - 16, 0*u - f + c = u. What is the units digit of u?
1
What is the tens digit of (670/6 - -2) + (-8)/(-6)?
1
Suppose -5*l + 3*l - 68 = -w, -239 = -3*w - l. What is the units digit of w?
8
Let t(o) = 2*o - 1. Let n = 8 + -5. Let c be t(n). Suppose 2*z - 1 = -5*g, 5 = -z - c*g + 3. What is the units digit of z?
3
Let f(w) = -9*w - 1. Let g be f(-1). Let a(c) = 3*c - 7. What is the units digit of a(g)?
7
Let m(j) be the first derivative of j**4/4 - j**3 - j**2/2 + 3*j + 1. Let l be m(3). Suppose l = -5*b + 28 - 8. What is the units digit of b?
4
Let x(h) be the third derivative of h**6/120 + h**5/10 + h**4/12 - 5*h**3/6 + 2*h**2. What is the units digit of x(-4)?
9
Let u(d) = d - 5. Let o be u(5). Let q = 1 + 9. Let g = o + q. What is the tens digit of g?
1
Let k be 1/(108/(-52) - -2). Let h = k + 31. What is the units digit of h?
8
Suppose 0 = -3*u, m - 2*u = -2*m + 447. What is the hundreds digit of m?
1
Suppose -5*x + 87 + 223 = 0. What is the units digit of x?
2
Suppose h = -4*h. Suppose -3*f = 0, -z - z + 4*f + 14 = h. What is the units digit of z?
7
What is the units digit of (-1812)/(-48) + (-1)/(-4)?
8
Let h be (35/3)/(4/12). Let z(q) = -q**3 + 3*q**2 + q + 2. Let c be z(3). Suppose c*v = -0*v + h. What is the units digit of v?
7
Let j = -67 + 106. What is the units digit of j?
9
Let d be 6/(-4) + 18/4. Suppose d*g = 5*m + 7, -6 - 10 = -5*g + 4*m. Let q = g + 4. What is the units digit of q?
8
Let i(h) = -h**2 - 9*h - 2. Suppose -8 - 12 = -4*x. Suppose -k - x = 1. What is the tens digit of i(k)?
1
Let i = -7 + 19. What is the tens digit of i?
1
What is the tens digit of -5 + 43 + (0 - 3)?
3
Let y(d) = -26*d - 7. Let r be y(-4). Let j = r + -57. What is the tens digit of j?
4
Suppose 2*g - 20 = -3*g. Let i = 86 + -57. Suppose -g*t + 85 = i. What is the units digit of t?
4
Let f(l) = 6*l**2 + 4*l - 3. What is the units digit of f(3)?
3
Let v be 9/3 + -1*1. Suppose 0 = -c + v. What is the units digit of c?
2
What is the hundreds digit of ((-127)/2)/((-24)/48)?
1
Let y(n) = n**3 + 6*n**2 - 4. Let i be y(-5). Let j be i + 1 + (-3 - -1). Suppose -j = -7*q + 2*q. What is the units digit of q?
4
Let r(o) = o**2 + o - 3. Let a be r(-3). Let b be (-6)/(-9) - 2/a. What is the units digit of (-2)/(b - (-1 + 2))?
2
Suppose 5*g = -0*g + 10. Let a(q) = 7*q**g + 0*q**2 - 3*q**2 + 0*q**2 + 3*q. What is the units digit of a(-2)?
0
What is the units digit of 115/3 + (-2)/(-3)?
9
Let r = 1 - 1. Suppose 4*y - 7 = -k, r*k + 4*k - 4*y = -12. Let t = 4 + k. What is the units digit of t?
3
Suppose -5*n + 59 = h + h, -4*h = 3*n - 125. Let v = 69 - h. What is the tens digit of v?
3
Let c = -3 + 11. Let f be 3 + (3/(6/(-2)) - -1). Let q = c - f. What is the units digit of q?
5
Let x(y) = y**3 - 10*y**2 + 9*y. Let z be x(9). Suppose -3*k + 35 = 5*m, z*k - 10 = 2*k - 5*m. What is the units digit of k?
5
Let f(c) = -c + 12. Let q be f(7). Suppose 0 = -q*a - r + 82, -r - 56 = -4*a - 5*r. What is the units digit of a?
7
Let o(j) be the second derivative of -j**3/6 + j**2/2 + 4*j. Suppose 0 = -2*k + 1 - 15. What is the units digit of o(k)?
8
Suppose -4*k + 2*f + 738 = 0, 2*k + 3*f = -0*k + 381. What is the hundreds digit of k?
1
Suppose -o + 6*j - 5*j + 11 = 0, 2 = -2*o - 4*j. What is the units digit of o?
7
Let m be 0 + ((-2)/(-1) - -115). Suppose -3*x = -6*x + m. Suppose -3*b - p + x = 2*p, -3*p = -2*b + 6. What is the units digit of b?
9
Let p = 2 - 2. Suppose p = 3*j - 17 - 22. What is the units digit of j?
3
Let u = -4 + 9. Suppose 3*p = 230 - u. Suppose -p = -7*t + 2*t. What is the tens digit of t?
1
What is the units digit of (2*-1)/(36/(-3312))?
4
Let r(h) = -1. Let g(a) = a + 4. Let f(d) = g(d) + 3*r(d). What is the units digit of f(4)?
5
Suppose 4*g + o = 16, g - 2*o + 5 = -0*g. Let r = 5 - g. What is the tens digit of ((-33)/(-6))/(r/4)?
1
Let t be ((-12)/(-10))/((-5)/75*-3). Let z(p) = -2*p**2 + 2*p + 3. Let h be z(-2). What is the tens digit of (-123)/h - 4/t?
1
Let a(w) = -w**3 + w**2 - w + 4. Let c be a(0). What is the tens digit of ((-26)/c)/(8/(-16))?
1
Let u(z) be the third derivative of 3*z**2 + 0 - 1/3*z**3 - 1/24*z**4 + 0*z. What is the units digit of u(-6)?
4
What is the tens digit of -76*(4/(-16) - 1)?
9
Let t(v) = 40*v**2 + v. What is the tens digit of t(-1)?
3
Let t = 9 - 5. Suppose t*m = 4*w + 26 + 50, 2*m = -5*w + 10. Suppose 4*s - m = 4*a - 47, -2*s - 10 = 0. What is the units digit of a?
3
Let c(f) = -f**2 - 11*f - 7. Let p be c(-10). Suppose 6*x - 2*x = -g - 3, 2*x + 4*g - 16 = 0. Let o = p + x. What is the units digit of o?
1
Suppose -109 = -5*l - i - 1, -4*i - 74 = -3*l. What is the tens digit of l?
2
Suppose 0 = x - 0*x + 39. What is the tens digit of 3/(-9)*1*x?
1
Let o = -14 + -10. Let i = o + 62. What is the units digit of i?
8
Suppose -2*w = -6*w. Suppose -3*r = -3*v - 78, -2*r + 6*r + 4*v - 112 = w. What is the units digit of (-4)/(3/(r/(-6)))?
6
Suppose t - 4*u - u - 282 = 0, 2*t - 594 = 4*u. Suppose 0 = 5*k + 72 - t. What is the units digit of k?
7
Suppose 3*q - 31 = 68. What is the units digit of q?
3
Suppose 5*a - 2*q - 520 = 0, 4*a - 4*q - 334 = 94. What is the units digit of a?
2
Let d = -28 - -43. Suppose -3*n + 33 = -d. Suppose 0 = -t + n + 3. What is the units digit of t?
9
Let k be (4/(-12))/((-2)/(-6)). Suppose -l + 26 = 2*g, 4*g - l = -0*g + 64. Let z = k + g. What is the units digit of z?
4
Let p(t) = -8*t**2. Let x be p(-1). Let y = x - -9. What is the units digit of y?
1
Let i(y) = 2*y + 9. Let a be i(5). Suppose 0*k = k - a. What is the tens digit of k?
1
Suppose 0 = -5*m + 3 + 22. What is the units digit of m?
5
What is the units digit of ((132/8)/3)/((-2)/(-48))?
2
Let v(t) = t**2 + 6. What is the units digit of v(6)?
2
Let a(w) be the third derivative of -w**5/60 + 7*w**4/24 + 5*w**3/3 - 6*w**2. What is the units digit of a(8)?
2
Suppose -2*b + 150 = 3*r, r + 2*r = -3*b + 153. What is the tens digit of r?
4
What is the units digit of (1 + 7 + -73)/(-1 - 0)?
5
Suppose -5*h = 5*q + 50, -10 = 4*q - h + 15. What is the units digit of 0 - q - (1 + 0)?
6
Let b be (-54)/(-15) + (-12)/20. Suppose y - 12 = b. What is the tens digit of y?
1
Let m = 14 + -3. Suppose -4*o + 44 = t, t = o - 0*t - m. What is the units digit of o?
1
Let t be (2 + -24)/(-3 - -1). Suppose -4*y + 55 = t. What is the tens digit of y?
1
Suppose 0 = -3*w + 3*n + 9, w - 3*n + 7 = -0. Suppose 3*q - 5*q - j = -w, 2*q - 3*j - 24 = 0. What is the units digit of q?
6
Let u = -87 - -124. What is the units digit of u?
7
Let p be (0 + -1)*8/(-2). Suppose -2*u = 3*f - u + 7, u = -p*f - 11. What is the tens digit of (22/3)/(f/(-6))?
1
Let a = -156 + 452. What is the tens digit of a?
9
What is the units digit of ((-2)/6)/((-4)/444)?
7
Let f(m) = 10*m + 2. Let y(s) = 5*s + 1. Let c(l) = -2*f(l) + 5*y(l). What is the units digit of c(1)?
6
Suppose -5*y + 10 = 4*z, -28 = -5*z + z + 4*y. Suppose k = z*h + 1 - 0, -h = -k + 17. What is the units digit of k?
1
Let f = 181 - 115. What is the units digit of f?
6
Suppose -m - m + 25 = 5*o, 26 = m - 2*o. Let r be (8/m)/(1/(-10)). What is the units digit of (-18)/r*(-4)/(-6)?
3
Suppose 5*u + 287 = -n, 3 = -u - 5*n - 64. Let h = -12 - u. What is the tens digit of h?
4
Suppose 3*r - 10 = r. Suppose r = -4*h + 13. Suppose 0 = -3*s + 2*u + 33, -5*s + 0*u - h*u + 39 = 0. What is the units digit of s?
9
Let o be 6/8 - 25/(-20). Suppose 4*f - 26 = -2*v, -o*f = 3*v - 8 - 11. What is the units digit of f?
5
Suppose 11*t = 10*t + 33. What is the tens digit of t?
3
Let y be (9/(-3))/((-1)/(-2)). What is the tens digit of (-2 - (-39)/y)*-2?
1
Let v(k) = -k**3 - 5*k**2 - 4*k + 5. Suppose 2 = 4*s + 18. Let c be v(s). Suppose -c*h - l = 2*l - 37, 0 = 3*h + l - 19. What is the units digit of h?
5
Let u(j) = -j**3 + 16*j**2 + 3*j - 4. What is the units digit of